51.
3, 7, 131
List the prime factors of 15180.
2, 3, 5, 11, 23
List the prime factors of 2299.
11, 19
List the prime factors of 6847.
41, 167
What are the prime factors of 122029?
122029
List the prime factors of 14025.
3, 5, 11, 17
What are the prime factors of 56046?
2, 3, 9341
What are the prime factors of 31572?
2, 3, 877
What are the prime factors of 10867?
10867
What are the prime factors of 1570?
2, 5, 157
List the prime factors of 190.
2, 5, 19
What are the prime factors of 5335?
5, 11, 97
What are the prime factors of 400?
2, 5
What are the prime factors of 7724?
2, 1931
List the prime factors of 195.
3, 5, 13
What are the prime factors of 10268?
2, 17, 151
What are the prime factors of 3156?
2, 3, 263
What are the prime factors of 7939?
17, 467
List the prime factors of 129125.
5, 1033
List the prime factors of 21.
3, 7
List the prime factors of 6239.
17, 367
List the prime factors of 14399.
7, 11, 17
What are the prime factors of 30498?
2, 3, 13, 17, 23
List the prime factors of 31424.
2, 491
List the prime factors of 869.
11, 79
What are the prime factors of 1157?
13, 89
What are the prime factors of 11060?
2, 5, 7, 79
What are the prime factors of 78633?
3, 8737
What are the prime factors of 3090?
2, 3, 5, 103
List the prime factors of 6923.
7, 23, 43
List the prime factors of 1409.
1409
What are the prime factors of 55912?
2, 29, 241
List the prime factors of 37827.
3, 467
List the prime factors of 34742.
2, 29, 599
List the prime factors of 24634.
2, 109, 113
What are the prime factors of 288?
2, 3
What are the prime factors of 1790?
2, 5, 179
List the prime factors of 12438.
2, 3, 691
What are the prime factors of 61240?
2, 5, 1531
What are the prime factors of 114654?
2, 3, 97, 197
What are the prime factors of 242?
2, 11
List the prime factors of 1428.
2, 3, 7, 17
What are the prime factors of 141485?
5, 28297
List the prime factors of 40426.
2, 17, 29, 41
What are the prime factors of 1427?
1427
What are the prime factors of 2778?
2, 3, 463
List the prime factors of 862.
2, 431
List the prime factors of 880.
2, 5, 11
What are the prime factors of 19048?
2, 2381
What are the prime factors of 1574?
2, 787
What are the prime factors of 1109?
1109
What are the prime factors of 4765?
5, 953
What are the prime factors of 1020?
2, 3, 5, 17
List the prime factors of 21469.
7, 3067
List the prime factors of 1677.
3, 13, 43
What are the prime factors of 1747?
1747
List the prime factors of 7567.
7, 23, 47
List the prime factors of 31962.
2, 3, 7, 761
List the prime factors of 17465.
5, 7, 499
List the prime factors of 16699.
16699
List the prime factors of 2451.
3, 19, 43
What are the prime factors of 4433?
11, 13, 31
List the prime factors of 22281.
3, 7, 1061
List the prime factors of 1124.
2, 281
List the prime factors of 308.
2, 7, 11
List the prime factors of 3281.
17, 193
What are the prime factors of 1104?
2, 3, 23
What are the prime factors of 7310?
2, 5, 17, 43
List the prime factors of 10210.
2, 5, 1021
List the prime factors of 3296.
2, 103
What are the prime factors of 969?
3, 17, 19
List the prime factors of 26824.
2, 7, 479
What are the prime factors of 4999?
4999
What are the prime factors of 13662?
2, 3, 11, 23
List the prime factors of 3630.
2, 3, 5, 11
List the prime factors of 127174.
2, 63587
List the prime factors of 20006.
2, 7, 1429
What are the prime factors of 1317?
3, 439
What are the prime factors of 3923?
3923
What are the prime factors of 25286?
2, 47, 269
What are the prime factors of 632?
2, 79
List the prime factors of 30998.
2, 11, 1409
List the prime factors of 2838.
2, 3, 11, 43
List the prime factors of 5481.
3, 7, 29
List the prime factors of 1078.
2, 7, 11
What are the prime factors of 188?
2, 47
List the prime factors of 1353.
3, 11, 41
What are the prime factors of 156094?
2, 17, 4591
What are the prime factors of 28503?
3, 3167
List the prime factors of 14787.
3, 31, 53
What are the prime factors of 1315?
5, 263
What are the prime factors of 79090?
2, 5, 11, 719
List the prime factors of 2804.
2, 701
List the prime factors of 31247.
31247
What are the prime factors of 48883?
48883
List the prime factors of 28074.
2, 3, 4679
List the prime factors of 39046.
2, 7, 2789
List the prime factors of 7797.
3, 23, 113
What are the prime factors of 12070?
2, 5, 17, 71
List the prime factors of 868.
2, 7, 31
What are the prime factors of 9372?
2, 3, 11, 71
What are the prime factors of 639?
3, 71
List the prime factors of 93041.
13, 17, 421
List the prime factors of 3878.
2, 7, 277
List the prime factors of 68884.
2, 17, 1013
List the prime factors of 6054.
2, 3, 1009
List the prime factors of 547.
547
List the prime factors of 15216.
2, 3, 317
List the prime factors of 378.
2, 3, 7
List the prime factors of 3449.
3449
List the prime factors of 9061.
13, 17, 41
List the prime factors of 1317.
3, 439
What are the prime factors of 772?
2, 193
List the prime factors of 21985.
5, 4397
List the prime factors of 11321.
11321
List the prime factors of 1810.
2, 5, 181
What are the prime factors of 7759?
7759
List the prime factors of 1873.
1873
List the prime factors of 827.
827
List the prime factors of 2586.
2, 3, 431
What are the prime factors of 16765?
5, 7, 479
What are the prime factors of 84801?
3, 23, 1229
List the prime factors of 20279.
7, 2897
What are the prime factors of 39688?
2, 11, 41
What are the prime factors of 1504?
2, 47
What are the prime factors of 23136?
2, 3, 241
What are the prime factors of 5650?
2, 5, 113
What are the prime factors of 105915?
3, 5, 23, 307
List the prime factors of 1130.
2, 5, 113
What are the prime factors of 583?
11, 53
List the prime factors of 10437.
3, 7, 71
What are the prime factors of 38882?
2, 19441
List the prime factors of 5688.
2, 3, 79
List the prime factors of 4789.
4789
List the prime factors of 61270.
2, 5, 11, 557
What are the prime factors of 9672?
2, 3, 13, 31
List the prime factors of 64103.
13, 4931
List the prime factors of 20268.
2, 3, 563
List the prime factors of 737.
11, 67
What are the prime factors of 20161?
20161
What are the prime factors of 431?
431
List the prime factors of 58425.
3, 5, 19, 41
List the prime factors of 110053.
167, 659
List the prime factors of 1626.
2, 3, 271
What are the prime factors of 93531?
3, 31177
List the prime factors of 11288.
2, 17, 83
List the prime factors of 22563.
3, 23, 109
List the prime factors of 34041.
3, 7, 1621
List the prime factors of 10827.
3, 401
What are the prime factors of 1062?
2, 3, 59
List the prime factors of 476.
2, 7, 17
What are the prime factors of 621?
3, 23
What are the prime factors of 16684?
2, 43, 97
What are the prime factors of 4824?
2, 3, 67
What are the prime factors of 15454?
2, 7727
List the prime factors of 3163.
3163
List the prime factors of 3430.
2, 5, 7
What are the prime factors of 2134?
2, 11, 97
List the prime factors of 57151.
67, 853
What are the prime factors of 38309?
29, 1321
List the prime factors of 42224.
2, 7, 13, 29
What are the prime factors of 1945?
5, 389
What are the prime factors of 33187?
7, 11, 431
List the prime factors of 18724.
2, 31, 151
What are the prime factors of 15191?
11, 1381
List the prime factors of 11109.
3, 7, 23
What are the prime factors of 910?
2, 5, 7, 13
List the prime factors of 2712.
2, 3, 113
List the prime factors of 2152.
2, 269
List the prime factors of 57343.
11, 13, 401
What are the prime factors of 1914?
2, 3, 11, 29
List the prime factors of 525.
3, 5, 7
What are the prime factors of 2009?
7, 41
List the prime factors of 75019.
7, 1531
What are the prime factors of 1450?
2, 5, 29
List the prime factors of 2117.
29, 73
List the prime factors of 1372.
2, 7
What are the prime factors of 4395?
3, 5, 293
What are the prime factors of 7275?
3, 5, 97
List the prime factors of 1303.
1303
What are the prime factors of 481?
13, 37
List the prime factors of 6012.
2, 3, 167
What are the prime factors of 1990?
2, 5, 199
What are the prime factors of 2962?
2, 1481
What are the prime factors of 1651?
13, 127
What are the prime factors of 43571?
11, 17, 233
List the prime factors of 4773.
3, 37, 43
List the prime factors of 7419.
3, 2473
List the prime factors of 1811.
1811
What are the prime factors of 18769?
137
What are the pr